**3 - 1. Give a(1).
5
Let c = 2 - 5. Let p(u) = -u**3 - 3*u**2. Give p(c).
0
Let s(c) = c + 4. Let r(t) = 3*t - 2. Let o(f) = -2*f + 1. Let z(x) = 5*o(x) + 3*r(x). Let n be z(-3). Suppose 2*d + n + 2 = 0. Give s(d).
2
Let o = 0 - -3. Let k(q) be the first derivative of 1/3*q**3 - q**2 - 2 + q. Calculate k(o).
4
Let f(s) = 2*s**2 + 6*s + s**2 - 8*s + s**3. Let y = 6 + -1. Suppose -3*o - 6 = -i + o, 0 = y*i - 5*o. Give f(i).
8
Let t = 0 + 4. Let g(z) = -3*z - 1 - 1 + t + 1. What is g(3)?
-6
Suppose -5*h + 4*h = -3. Let l(q) = 3 + 3*q**3 - 1 + 5*q**3 - q - 9*q**3 + 3*q**2. What is l(h)?
-1
Let w(a) = a + 1. Let k(m) = 4*m + 2. Let r(p) = -3*k(p) + 6*w(p). Let v be (-2*(-1)/2)/(-1). Give r(v).
6
Let q(g) be the first derivative of -g**4/4 - 5*g**3/3 - g**2 - g + 9. Give q(-5).
9
Let u(c) = c**3 + 6*c**2 - 10*c - 8. Let d be u(-7). Let f = -9 + d. Let n(q) = q**3 - 6*q**2 + 6*q - 3. Calculate n(f).
-11
Suppose 0 = -6*r + 10*r - 16. Let v(o) = 2*o - 5*o + o - r + 8. Give v(5).
-6
Let o(b) = -6*b**2 + 4*b + 3. Let u(d) be the third derivative of -d**5/12 + d**4/8 + 2*d**3/3 + d**2. Let n(a) = -4*o(a) + 5*u(a). What is n(0)?
8
Let m be (4/(-8))/((-2)/20). Let l(z) = z**3 - 4*z**2 - 4*z - 5. Let v be l(m). Let s(u) = u + 3. Calculate s(v).
3
Let z(j) be the second derivative of j**4/4 + j**3/6 - 16*j. Calculate z(1).
4
Let z(w) = -w - 10. Let k be z(-10). Suppose -5*j + 0 + 7 = -3*u, u = -2*j + 5. Let d(a) = -5*a**j - 3 + a + 7 + 3*a**2 + a**2. What is d(k)?
4
Let g(a) = a**2 - 12*a - 14. Let t(d) = -2*d**2 + 35*d + 42. Let r(p) = 17*g(p) + 6*t(p). Let u(b) = -3*b**2 - 3*b - 7. Let s(j) = -4*r(j) - 7*u(j). Give s(5).
3
Let z(x) be the first derivative of -x**4 + x**3/3 + x**2/2 - x - 21. What is z(1)?
-3
Suppose 2*q - 10 = 10. Suppose 4*k = 14 + q. Let l(n) = 2*n. Calculate l(k).
12
Let j(w) be the first derivative of -5*w**2/2 + w + 14. Let u(b) be the first derivative of -b**2/2 - 4*b - 2. Let o be u(-3). What is j(o)?
6
Let d(q) be the third derivative of 0*q + 1/120*q**6 + 5/24*q**4 + 1/10*q**5 + 1/6*q**3 + q**2 + 0. Let a be (20/6)/2*-3. Calculate d(a).
1
Suppose 4 = 2*w + 2*w + 2*f, 3*f = 4*w - 14. Let d(a) = 0 - w + 2 + 1 + a. What is d(4)?
5
Let v(b) = -8 + 13 + b**3 - 14 - b**2. Give v(0).
-9
Let y = 67 - 71. Let t(x) = -x**2 - 9*x - 2. What is t(y)?
18
Let q(n) = n**2 + 7*n + 6. Let p(w) = w**2 + 30*w + 51. Let c be p(-28). Give q(c).
-4
Let y(x) = -2*x. Let u(d) = -d**2 - d + 1. Let r(b) = 3*b**2 + 7*b. Let n(g) = -r(g) - 2*u(g). Let h be n(-5). Let q = 1 - h. Give y(q).
-6
Let j(g) = 5*g - 1. Let k(r) = r - 5. Let a be k(6). Suppose -2*p + 3 = -a. Suppose d + 1 - p = 0. What is j(d)?
4
Let p = 2 + -3. Let v(t) be the first derivative of 7*t**4/4 - 2*t**3/3 - t**2/2 + 34. Give v(p).
-8
Let l(t) be the second derivative of -t**5/20 - t**3/6 - t**2/2 + t. Let k(p) = 2*p. Let b be k(0). Let r be b/(-3 - (-5 - -1)). Give l(r).
-1
Let p be 2 + (-1)/1 + -4. Let l = p - -4. Let k(f) = 3*f**3 + 2*f**2 - 1. What is k(l)?
4
Suppose -2*q + 28 - 10 = 0. Let f(v) = -4*v + q*v + v**2 - 5 + 0. What is f(-5)?
-5
Suppose -1 - 3 = -i. Suppose -i*w - 4 = -8*w. Let a(o) be the first derivative of o**3 - o**2/2 + 1. Give a(w).
2
Let g(n) = 4*n + 0*n**3 - 2 + n**3 - n + 4 + 3*n**2. Calculate g(-2).
0
Let x = 3 + -3. Suppose 2*c - 1 = 2*t + 3*c, 3*t - 4*c - 26 = x. Suppose l - t*r = 0, 4*l - 4*r + 0*r + 4 = 0. Let f(z) = -z**2 - 5*z - 3. What is f(l)?
3
Let q(g) = g**2 + 5*g - 1. Suppose 2*y + 0*y - 20 = 0. Let f = -14 + y. Calculate q(f).
-5
Let m(j) = 2*j**2 - 3*j**2 + 0*j**2 + j + 3*j - 3. Calculate m(4).
-3
Let a = 24 + -19. Let r(w) = 2*w - 4. Calculate r(a).
6
Suppose 0 = -k - 7 + 17. Suppose -2*p - 2 = k. Let l be (-1)/2 - (-21)/p. Let x(u) = u + 2. What is x(l)?
-2
Let f(z) be the first derivative of -2 + 1/3*z**3 + 9/2*z**2 - 14*z. Let h be f(-10). Let g(d) = -d**3 - 4*d**2 + d - 1. Calculate g(h).
-5
Let d(k) = 11*k - 8. Let m(z) = -z + 1. Let i(u) = 2*d(u) + 18*m(u). Give i(-2).
-6
Let g be ((0 + 0)/(-3))/(1/1). Let c(n) = 2*n**2 + 0*n**2 + n**3 - n**2 - n. Calculate c(g).
0
Let j(p) = -p**3 - 18*p**2 + p + 16. Let g be j(-18). Let h(l) = l + 3. Suppose 2 = n + n. Let s(r) = 1. Let z(c) = n*h(c) - s(c). What is z(g)?
0
Suppose -2*v = -4*t - v + 17, 0 = v + 5. Let h(a) be the first derivative of -t + a + 0*a**2 - 7/3*a**3. Give h(1).
-6
Suppose -5*b + l = -17, b - 5*b + 2*l = -16. Suppose g - n = 6, -5*g + 0*n + 26 = -b*n. Let u(j) = j**3 - 3*j**2 - 5*j + 2. Give u(g).
-2
Let l(a) = a**3 - a**2 - a - 2. Let k(g) = -2*g - 25. Let i be k(-14). Determine l(i).
13
Let s(m) = m**3 + 2*m**2. Suppose -8*b = -7*b + 2. Give s(b).
0
Let m(p) = -p**2 + 10*p - 15. Let c be m(7). Let l be c/(-14) + (-16)/28. Let q(h) = 11*h**2 + h + 1. Calculate q(l).
11
Let v(k) be the second derivative of -k**3/6 + 4*k**2 - 11*k - 2. Determine v(-7).
15
Let b be ((-10)/(-6))/((-3)/9). Let g(c) = 2*c - 2. Let u be g(4). Let p(s) = -3*s + 8*s - 3*s + s**2 - u. What is p(b)?
9
Suppose -4*s + 33 = -3*z, 3*s - 34 + 7 = 3*z. Let k(q) = -q**3 - 4*q**2 - 8*q**2 + 0*q**2 + s + 6*q**2. Give k(-6).
6
Let m(y) be the second derivative of y**6/120 + y**5/20 + y**4/24 - y**3/3 - y**2 - 3*y. Let b(d) be the first derivative of m(d). Determine b(-3).
-5
Let d(t) be the second derivative of -t**4/12 + 7*t**3/6 - t**2 - 7*t. What is d(6)?
4
Let m(w) = -9*w + 16. Let l(j) = 4*j - 7. Let y(f) = -14*l(f) - 6*m(f). Calculate y(4).
-6
Suppose 4*p = 2*p - 6. Let j(k) = 9*k**3 - 3*k**2 + 5*k + 13. Let o(f) = -2 + 4*f**3 + 2*f - f**2 + 6 + 2. Let y(a) = 3*j(a) - 7*o(a). Give y(p).
3
Let h(p) be the third derivative of -p**7/2520 - p**6/240 + p**5/60 - p**4/3 - 7*p**2. Let o(y) be the second derivative of h(y). Calculate o(-4).
-2
Let g(l) be the first derivative of l**3/3 + 3*l**2/2 + l + 1. Suppose 3*k - 6 = v, -6*v + v = 0. Suppose 0*u + k*u = -8. What is g(u)?
5
Let c = 15 + -19. Let f(g) = -g**3 - 3*g**2 + 6*g + 2. Give f(c).
-6
Let v be ((-2)/(-1))/(-5 - -3). Let q = 2 + v. Let l(y) = 6*y**2 + 2*y - 1. Give l(q).
7
Let l = -17 + 23. Let v(y) = -3*y - 5*y**2 + 2 - l - 3*y**3 + 2*y**3. What is v(-4)?
-8
Let j(a) be the second derivative of -9*a**5/20 - a**4/3 + a**2/2 + 4*a. Let x(t) = 10*t**3 + 5*t**2 - 1. Let r(q) = -3*j(q) - 2*x(q). What is r(-1)?
-6
Let z(y) be the first derivative of -2*y**2 - y - 74. Determine z(-2).
7
Let c(f) = -f**3 + 6*f**2 - 5*f - 1. Let h(j) = j**3 - 10*j**2 + 5. Let b be h(10). Calculate c(b).
-1
Let q(s) = -2*s**2 - 3*s**2 - 3*s + 1 + 4*s**2. Determine q(-2).
3
Suppose 35 = 5*t + 2*t. Let m(g) = 2*g**2 - 7*g + 1. What is m(t)?
16
Let f(g) = 3*g - 4*g - 1 + 3 - 2*g. What is f(2)?
-4
Let a(w) be the first derivative of -w + 2/3*w**3 - w**2 - 2. Let r be (-6)/4*(0 - 4/3). Calculate a(r).
3
Let p(x) = -x**3 - 6*x**2 - 3*x - 2. Let w(v) = 4*v**3 + 25*v**2 + 12*v + 9. Let f(l) = -9*p(l) - 2*w(l). Let o = -5 - -2. Determine f(o).
0
Let r(b) = -b**3 + 3*b**2 - 9 + 5 + 1. What is r(3)?
-3
Let w(h) = 5*h + 12. Let f(z) = 10*z + 23. Let i(q) = 6*f(q) - 11*w(q). Calculate i(-5).
-19
Let v be (4 - 9/2)*-6*1. Let b(x) be the third derivative of 0 + 0*x + 1/12*x**4 - 1/60*x**5 + 1/2*x**v + x**2. Calculate b(-2).
-5
Suppose 0 = 3*t + 15, -t - 5 = -3*q + q. Let n(l) = l**3 + 4*l**2 + 2*l. Let d be n(-3). Let k be -6 + d + -3 + q. Let j(u) = -u - 8. Calculate j(k).
-2
Let z(x) be the third derivative of -x**6/120 - x**5/12 - x**4/6 + x**3/6 - 5*x**2. Calculate z(-3).
-5
Let p(r) = -2 + 0*r - 5*r + 3. Suppose -2*h = -3*j + 31, -j = -h - 6 - 6. Let o = j + -6. What is p(o)?
-4
Let t(g) = -g**3 - 5*g**2 - 2*g + 3. Suppose 0 = 2*h - 2*r + r - 25, 2*h = -5*r - 5. Suppose -5*m = -5*a, -2*m + 2 = h. Give t(a).
-5
Let t(p) be the second derivative of -p**4/2 - p**2/2 - p. Let o = -3 - -6. Suppose -6*l - 3 = -o*l. Calculate t(l).
-7
Let y(x) be the first derivative of -5*x**2/2 - 1. Let k be -2 - 2/(2/(-3)). Suppose 0 = -z - k - 1. Calculate y(z).
10
Let v(o) = 2*o**2 - 3*o - 7. Let r(g) = 3*g**2 - 4*g - 10. Let f(y) = -5*r(y) + 7*v(y). Give f(-2).
-1
Let a(b) = 2*b + 1. Let g be (4/(-3))/(4/6). What is a(g)?
-3
Let v(y) = -y**2 - 8*y - 1. Let x be v(-8). Let m be 2/3*(x + 7). Let i be (3 - m)/(2/(-8)). Let f(q) = q**2 - 6*q + 3. What is f(i)?
-5
Let d(z) = -z**2 - 2*z + 2. Let h be (-300)/(-40)